0
Let h = -517050 + 517116. Let j(k) = -9*k**3 - 3*k**2 - 2*k - 2. Let v be j(-3). Calculate the highest common factor of h and v.
22
Let x = -117 - -167. Suppose -w + 17 = -4*s - s, -5*w = -s - 13. Let d be 11 - 3*s/(-9). Calculate the greatest common factor of x and d.
10
Let s = 1778 - 837. Suppose 0 = -8*o + 1493 - s. What is the greatest common divisor of o and 23?
23
Let j be (5 + -20)/((-2)/8*-1). Let i be (-195)/j*(8 + (3 - 3)). Calculate the highest common factor of 78 and i.
26
Suppose -h - 130 = -u, 8*u + 0*u - 3*h - 1025 = 0. Calculate the highest common factor of 2159 and u.
127
Let j = 494 - 326. Let z = 41 + 31. Suppose -19*b + 22*b = z. What is the greatest common factor of j and b?
24
Let p = 10034 + -7655. What is the greatest common factor of 195 and p?
39
Let b = -8540 - -9057. Suppose 4*o - 44 = 2*s, 6*o + 2*s - 44 = 2*o. What is the highest common factor of b and o?
11
Suppose 5*p - 2*f = 10*p - 754, -4*f = -4*p + 620. Suppose 6*y = 2*y + 3*c + 55, 0 = y + 4*c - 28. Calculate the highest common factor of y and p.
8
Let z = -875 + 930. Let x(q) = -q - 12. Let g be x(-6). Let u = g - -28. Calculate the greatest common factor of u and z.
11
Suppose 115 = x + 5*o, 20*o - 633 = -5*x + 24*o. Let s = -64 + 89. Calculate the greatest common divisor of x and s.
25
Let x be (-114)/32*-10 + 15/40. Calculate the greatest common divisor of 588 and x.
12
Suppose 427 + 833 = -10*h. Let k = -61 - h. What is the greatest common divisor of 52 and k?
13
Suppose 4472 - 24447 = -235*w. Calculate the greatest common divisor of 5185 and w.
85
Suppose 3*k + 5*r = 90, -14*k = -16*k - 9*r + 26. What is the greatest common divisor of 2440 and k?
40
Let v = 1273 + 1720. Calculate the highest common divisor of 292 and v.
73
Let a(o) = o**2 + 12*o - 41. Let n(i) = 2*i**3 - 11*i**2 + 10. Let c be n(5). Let g be a(c). What is the greatest common factor of g and 14?
2
Let q be (-54)/(-81) - -8*8/(-6). Let o be (-504)/q + (6/(-15))/1. What is the highest common divisor of 75 and o?
25
Let h(d) = d**2 + 28*d + 60. Let m be h(-27). Let j be (40/(-40))/((-1)/m). What is the highest common divisor of 99 and j?
33
Let t = 6002 - 5714. Calculate the greatest common divisor of 1568 and t.
32
Suppose -779*k = -18372465 - 16308615. Calculate the highest common divisor of k and 60.
60
Suppose -4086 = -348*q + 339*q. What is the highest common factor of 1589 and q?
227
Let i(c) = 23*c + 144. Let z be i(0). Suppose -512 = z*x - 152*x. Calculate the highest common divisor of 56 and x.
8
Let p be (-330)/(-880)*528/9. Suppose 156 = 3*m - j - 169, m = 4*j + 90. Let o = m + 0. What is the greatest common factor of p and o?
22
Let d(h) = -54*h - 912. Let r be d(-27). What is the greatest common factor of 5642 and r?
182
Let s = 7833 + -6698. What is the highest common divisor of 10 and s?
5
Let p(s) = 7*s - 1 + 8 + 7*s - 2. Let r be p(9). Suppose 6*y - r = 79. Calculate the greatest common divisor of 70 and y.
35
Suppose -3*d = a + 45, 3*d = -8*a + 3*a - 201. Let v be (86/(-24) - 13/a)*-4. Let m be 13*(-4)/8*-8. What is the highest common factor of m and v?
13
Let b be (-72)/30 - -2 - (-4394)/10. Suppose -5*v = b - 554. Calculate the greatest common divisor of 391 and v.
23
Suppose 0 = -219*h + 232*h - 2938. Calculate the greatest common factor of h and 1921.
113
Suppose 4*v - 5*q - 1587 + 107 = 0, 2*q = 2*v - 740. Calculate the highest common divisor of v and 50.
10
Suppose -80 = -153*a + 151*a. Suppose -3*g + a = 3*w - 146, -2*g + 3*w = -104. Let h = 64 - g. Calculate the highest common divisor of h and 48.
6
Suppose -12 = -n - 5*s - 18, -4 = n + 4*s. Suppose -n*x - 1911 = -3731. What is the highest common factor of 130 and x?
65
Let c(a) = 2*a + 20. Let w be c(9). Let t be (-10)/((-70)/21) - (-348)/(-2). Let b be (t/(-15))/((-2)/(-10)). What is the highest common divisor of w and b?
19
Let u(a) = 16*a**2 + 177*a - 527. Let y be u(3). What is the highest common divisor of 12654 and y?
74
Let s(a) = 2*a + 5. Let u be s(1). Let p(n) = n**3 - 7*n**2 + 8*n - 16. Let x be p(u). What is the highest common factor of 50 and x?
10
Suppose -3*g + 268 = -59. Let s be ((-1744)/(-10))/(-4) - (-16)/(-40). Let w = s + g. What is the greatest common factor of w and 26?
13
Suppose 5*s - 45 - 568 = -l, -s + 1825 = 3*l. Suppose n - 2*c = 25, 4*n - 213*c + 216*c = 67. Calculate the greatest common factor of l and n.
19
Suppose 19*a = -21*a + 35*a + 240. What is the highest common factor of a and 207?
3
Let k = 277 - 271. Suppose -6*q = k*q - 96. Calculate the highest common factor of 20 and q.
4
Suppose 4*n = 5*j + 465, 3*j + 246 = 2*n + 13. Let r = 76 + -68. Suppose 0 = r*a - 345 - 23. What is the highest common divisor of n and a?
23
Let k be 33/12*((-4896)/12)/(-3). What is the greatest common divisor of 11 and k?
11
Suppose 0 = -15*r + 107*r - 4048. What is the greatest common divisor of r and 858?
22
Let w = -44026 - -44086. Let c be 2/(-4)*(1 - 41). Calculate the greatest common divisor of c and w.
20
Suppose 28*w - 5628 = 22*w. Let y = -524 + w. Calculate the greatest common divisor of 18 and y.
18
Suppose -5*i - 247 = -m, -3*i + 6*i - 15 = 0. What is the greatest common factor of m and 1054?
34
Let w = -83 - -87. Let t be (6*2/18)/(w/18). Suppose -b + 41 = 5*c, -3*c + 28 = t*b + b. Calculate the greatest common factor of c and 24.
8
Let d be -4 + ((-5)/5)/(3/(-114)). Let b(m) = m**3 + 2*m**2 + m - 86. Let h be b(0). Let u = 137 + h. Calculate the highest common divisor of u and d.
17
Suppose -3313*a - 30096 = -3335*a. Calculate the highest common factor of 72 and a.
72
Let k(g) = 4*g - 43. Let i be k(11). Suppose -4*t - i = 7. Let o be t + 30/18 + (-169)/(-3). Calculate the highest common divisor of 7 and o.
7
Suppose 959 = -4*a - f + 4669, 0 = 3*f + 6. Calculate the highest common divisor of a and 1566.
58
Suppose 11 = 2*n + 5*o - 9, 3*o - 50 = -5*n. What is the highest common factor of n and 425?
5
Suppose 4*i - 91 = -3*p, 5*i - 109 = -13*p + 14*p. What is the greatest common factor of 37 and i?
1
Suppose -36*k - 48*k = -355 - 4265. Let d be 4 + 1/(0 - -1). What is the highest common divisor of k and d?
5
Suppose -9*n = -13*n + 632. Let h = n + -42. Let q = h - 100. What is the greatest common factor of 80 and q?
16
Suppose 403*q = 398*q + 10. Suppose -x + 6 = 3*m, -x - 3*m = -q*x. Calculate the greatest common factor of x and 321.
3
Let d be (6/(-13))/((-222)/15392). Let z be ((-76)/12)/(1/(-12)). Let q = 4 + z. What is the highest common factor of d and q?
16
Let s = 222 + -231. Let h(t) = 4*t**2 - 3*t - 120. Let i be h(s). Calculate the greatest common factor of 33 and i.
33
Suppose 5*r + 61 = 211 + 60. Calculate the greatest common divisor of r and 147.
21
Let g be 17/(408/640) + 2/(-3). Let l(p) = 178*p**2 + 1 - 2 + 31*p**2. Let m be l(-1). Calculate the greatest common factor of g and m.
26
Let l(k) = 16*k + 438. Let s be l(19). What is the greatest common factor of s and 14?
14
Let b be (-2 - (-7)/2)*(-21 - 4065/(-45)). What is the highest common divisor of 36712 and b?
104
Let w(x) = -32*x + 1345. Let l be w(14). Calculate the highest common divisor of l and 39.
39
Suppose -22*p - 1004 = -23*p. Let j be 34/119 - p/(-14). Suppose 2*a + 0*d - 220 = 4*d, 3*d = -3. What is the highest common factor of j and a?
36
Let w(t) = 6*t**3 - 3*t**2 + 4*t - 1. Let j be w(2). Suppose -168 = 35*a - j*a. Calculate the highest common divisor of 7 and a.
7
Suppose 0 = u - 2*g - 61, -4*g - 114 = -4*u + 118. Let x be 6 - 2 - -4 - -7. Calculate the greatest common factor of x and u.
5
Let z be (-25682)/(-8) - ((-1957)/76 - -25). Calculate the highest common divisor of z and 1976.
247
Let q = 522 - 494. Let d(b) = b**2 - 17*b - 133. Let u be d(q). What is the highest common factor of 70 and u?
35
Let t = 3319 - 2483. What is the greatest common divisor of t and 55?
11
Let r be (64 - -141)/(20/4). Suppose -5*d = -2*d - 93. Let z = r - d. Calculate the greatest common divisor of 15 and z.
5
Let l = 16819 - 16814. What is the greatest common divisor of 1235 and l?
5
Let a = -2886 - -3196. What is the greatest common divisor of 1426 and a?
62
Suppose 4*o - 995 = w, 0 = -2*o - 136*w + 138*w + 490. Calculate the greatest common divisor of 8 and o.
2
Suppose -33*n + 38*n = -2*x + 1325, -2*x = 3*n 